{"id":11,"date":"2013-12-07T18:13:34","date_gmt":"2013-12-07T18:13:34","guid":{"rendered":"http:\/\/192.168.1.214\/wordpress\/?page_id=11"},"modified":"2025-10-16T06:10:32","modified_gmt":"2025-10-16T05:10:32","slug":"uvod","status":"publish","type":"page","link":"https:\/\/mudr-nosek-sro.cz\/wordpress\/","title":{"rendered":"Z\u00e1kladn\u00ed informace"},"content":{"rendered":"<p>V\u00edt\u00e1me V\u00e1s na str\u00e1nk\u00e1ch ordinace v\u0161eobecn\u00e9ho praktick\u00e9ho l\u00e9ka\u0159e MUDr. Nosek, s.r.o. Jsme <strong>stabiln\u00edm rodinn\u00fdm podnikem s v\u00edce ne\u017e dvacetiletou tradic\u00ed<\/strong>. Na\u0161e ordinace pat\u0159\u00ed mezi <strong>akreditovan\u00e9<\/strong> a pod\u00edl\u00edme se na <strong>p\u0159edatesta\u010dn\u00ed v\u00fduce<\/strong> mlad\u00fdch praktick\u00fdch l\u00e9ka\u0159\u016f.<\/p>\n<p>Na\u0161im pacient\u016fm jsme p\u0159ipraveni poskytnout nejen kvalitn\u00ed <strong>l\u00e9\u010debn\u011b-preventivn\u00ed p\u00e9\u010di<\/strong>, ale poskytujeme rovn\u011b\u017e i paletu <strong>pracovn\u011b l\u00e9ka\u0159sk\u00fdch slu\u017eeb<\/strong> pro \u017eivnostn\u00edky a podniky.<\/p>\n<p>V na\u0161\u00ed ordinaci se sna\u017e\u00edme vyu\u017e\u00edvat posledn\u00edch l\u00e9ka\u0159sk\u00fdch poznatk\u016f a modern\u00edch dostupn\u00fdch diagnostick\u00fdch metod. Zdrav\u00ed je to nejd\u016fle\u017eit\u011bj\u0161\u00ed a my jsme p\u0159ipraveni postarat se o to, aby to Va\u0161e netrp\u011blo.<\/p>\n<h5><strong>Ordina\u010dn\u00ed hodiny a provozn\u00ed doba od 1.1.2023<\/strong><\/h5>\n<table>\n<tbody>\n<tr>\n<th>Den<\/th>\n<th>hodiny<\/th>\n<th>Podrobn\u011b<\/th>\n<\/tr>\n<tr>\n<td>pond\u011bl\u00ed<\/td>\n<td>7:00 \u2013 16:00<\/td>\n<td><span style=\"color: #008000;\">7 &#8211; 8 hod &#8211; odb\u011bry, kontroly (sestra)<\/span><br \/>\n<span style=\"color: #ff0000;\"><strong>8 &#8211; 9 hod akutn\u011b infek\u010dn\u011b nemocn\u00ed \u2013 nutno se objednat<\/strong><\/span><br \/>\n<span style=\"color: #0000ff;\">9 -12 hod ostatn\u00ed nemocn\u00ed a kontroln\u00ed objednan\u00e1 vy\u0161et\u0159en\u00ed<\/span><br \/>\n12 -15 hod preventivn\u00ed prohl\u00eddky<strong> &#8211; pouze objednan\u00ed<\/strong><br \/>\n<span style=\"color: #008000;\">15 -16 hod administrativn\u00ed \u00fakony, kontroly (sestra)<\/span><\/td>\n<\/tr>\n<tr>\n<td>\u00fater\u00fd<\/td>\n<td>10:00 &#8211; 18:00<\/td>\n<td><span style=\"color: #008000;\">10 &#8211; 12 hod odb\u011bry, kontroly (sestra)<\/span><br \/>\n<span style=\"color: #ff0000;\"><strong>12 &#8211; 13 hod akutn\u011b infek\u010dn\u011b nemocn\u00ed \u2013 nutno se objednat<\/strong><\/span><br \/>\n<span style=\"color: #0000ff;\">13 &#8211; 16 hod ostatn\u00ed nemocn\u00ed a kontroln\u00ed objednan\u00e1 vy\u0161et\u0159en\u00ed<\/span><br \/>\n16 &#8211; 18 hod preventivn\u00ed prohl\u00eddky <strong>&#8211; pouze objednan\u00ed<\/strong><\/td>\n<\/tr>\n<tr>\n<td>st\u0159eda<\/td>\n<td>7:00 \u2013 16:00<\/td>\n<td><span style=\"color: #008000;\">7 &#8211; 8 hod &#8211; odb\u011bry, kontroly (sestra)<\/span><br \/>\n<span style=\"color: #ff0000;\"><strong>8 &#8211; 9 hod akutn\u011b infek\u010dn\u011b nemocn\u00ed \u2013 nutno se objednat<\/strong><\/span><br \/>\n<span style=\"color: #0000ff;\">9 -12 hod ostatn\u00ed nemocn\u00ed a kontroln\u00ed objednan\u00e1 vy\u0161et\u0159en\u00ed<\/span><br \/>\n12 -15 hod preventivn\u00ed prohl\u00eddky <strong>&#8211; pouze objednan\u00ed<\/strong><br \/>\n<span style=\"color: #008000;\">15 -16 hod administrativn\u00ed \u00fakony, kontroly (sestra)<\/span><\/td>\n<\/tr>\n<tr>\n<td>\u010dtvrtek<\/td>\n<td>7:00 \u2013 16:00<\/td>\n<td><span style=\"color: #008000;\">7 &#8211; 8 hod &#8211; odb\u011bry, kontroly (sestra)<\/span><br \/>\n<span style=\"color: #ff0000;\"><strong>8 &#8211; 9 hod akutn\u011b infek\u010dn\u011b nemocn\u00ed \u2013 nutno se objednat<\/strong><\/span><br \/>\n<span style=\"color: #0000ff;\">9 -12 hod ostatn\u00ed nemocn\u00ed a kontroln\u00ed objednan\u00e1 vy\u0161et\u0159en\u00ed<\/span><br \/>\n12 -15 hod preventivn\u00ed prohl\u00eddky<strong> &#8211; pouze objednan\u00ed<\/strong><br \/>\n<span style=\"color: #008000;\">15 -16 hod administrativn\u00ed \u00fakony, kontroly (sestra)<\/span><\/td>\n<\/tr>\n<tr>\n<td>p\u00e1tek<\/td>\n<td>7:00 \u2013 15:00<\/td>\n<td><span style=\"color: #008000;\">7 &#8211; 8 hod odb\u011bry, kontroly (sestra)<\/span><br \/>\n<span style=\"color: #ff0000;\"><strong>8 &#8211; 9 hod akutn\u011b infek\u010dn\u011b nemocn\u00ed \u2013 nutno se objednat<\/strong><\/span><br \/>\n<span style=\"color: #0000ff;\">9 -12 hod ostatn\u00ed nemocn\u00ed a kontroln\u00ed objednan\u00e1 vy\u0161et\u0159en\u00ed<\/span><br \/>\n12 &#8211; 15 hod preventivn\u00ed prohl\u00eddky<strong>\u00a0 &#8211; pouze objednan\u00ed<\/strong><\/td>\n<\/tr>\n<\/tbody>\n<\/table>\n<h5><span style=\"font-size: 20px;\">Upozorn\u011bn\u00ed pacient\u016fm:<\/span><\/h5>\n<p>V na\u0161\u00ed ordinaci funguje objedn\u00e1vkov\u00fd syst\u00e9m a<br \/>\n<a href=\"https:\/\/moje.sestraemmy.cz\/-\/mudr-nosek-sro\"><b>elektronick\u00fd syst\u00e9m pro zpracov\u00e1n\u00ed po\u017eadavk\u016f<\/b><\/a><\/p>\n<div><a href=\"https:\/\/moje.sestraemmy.cz\/-\/mudr-nosek-sro\" target=\"_blank\" rel=\"noopener\"><img loading=\"lazy\" decoding=\"async\" class=\"alignnone\" style=\"background-color: #2a35a8; padding: 10px;\" title=\"Sestra Emmy - MUDr. Nosek, s.r.o.\" src=\"https:\/\/moje.sestraemmy.cz\/static\/media\/logo-white.DzwtBEWK.svg\" alt=\"Sestra Emmy - MUDr. Nosek, s.r.o.\" width=\"300\" height=\"312\" \/><\/a><\/div>\n<p>&nbsp;<\/p>\n<p>objednat se lze i na telefonn\u00edch \u010d\u00edslech<b>:<\/b><br \/>\n<b>+420 567 213 256<br \/>\n+420 778 713 356<\/b><\/p>\n<p><span style=\"color: #ff0000;\">&#8211; pokud se nem\u016f\u017eete dovolat, bu\u010fte pros\u00edm trp\u011bliv\u00ed a zkou\u0161ejte to pros\u00edm <span style=\"text-decoration: underline;\"><strong>opakovan\u011b v cca 20 min intervalech<\/strong><\/span> od po\u010d\u00e1tku ordina\u010dn\u00ed doby, pravd\u011bpodobn\u011b se v\u011bnujeme jin\u00e9mu pacientovi&#8230;<br \/>\n&#8211; v p\u0159\u00edpad\u011b, \u017ee <span style=\"text-decoration: underline;\"><strong>zanech\u00e1te vzkaz po \u00favodn\u00ed zpr\u00e1v\u011b, zavol\u00e1me v\u00e1m zp\u011bt, jak to p\u016fjde<\/strong><\/span><\/span><\/p>\n<h4><b>O\u0161et\u0159en\u00ed mimo ordina\u010dn\u00ed dobu:<\/b><\/h4>\n<ul>\n<li><a href=\"http:\/\/www.nemji.cz\/lekarska-pohotovostni-sluzba\/d-4775\/p1=1306\" target=\"_blank\" rel=\"noopener noreferrer\"><b>LPS Nemocnice Jihlava<\/b><\/a>\u00a0\u2013 dosp\u011bl\u00ed v p\u0159\u00edzem\u00ed Pavilonu urgentn\u00ed a intenzivn\u00ed p\u00e9\u010de, urgentn\u00ed p\u0159\u00edjem, tel.: 567 157 376, ordina\u010dn\u00ed hodiny: pond\u011bl\u00ed \u2013 p\u00e1tek: 17 &#8211; 20 hod, sobota, ned\u011ble, sv\u00e1tky: 9 &#8211; 20 hod<\/li>\n<li><a href=\"http:\/\/www.nemdac.cz\/ambulance\/lekarska-sluzba-prvni-pomoci\/\" target=\"_blank\" rel=\"noopener noreferrer\"><b>LSPP Nemocnice Da\u010dice<\/b><\/a>\u00a0\u2013 budova B, p\u0159\u00edzem\u00ed, tel.: 384 358 276, ordina\u010dn\u00ed doba pro dosp\u011bl\u00e9: pouze v\u00edkendy a sv\u00e1tky 8 \u2013 20 hod<\/li>\n<li>Akutn\u00ed neodkladn\u00e9 stavy:\u00a0<b>Zdravotn\u00ed Z\u00e1chrann\u00e1 Slu\u017eba<\/b>\u00a0tel.:\u00a0<strong>155<\/strong><\/li>\n<\/ul>\n","protected":false},"excerpt":{"rendered":"<p>V\u00edt\u00e1me V\u00e1s na str\u00e1nk\u00e1ch ordinace v\u0161eobecn\u00e9ho praktick\u00e9ho l\u00e9ka\u0159e MUDr. Nosek, s.r.o. Jsme stabiln\u00edm rodinn\u00fdm podnikem s v\u00edce ne\u017e dvacetiletou tradic\u00ed. Na\u0161e ordinace pat\u0159\u00ed mezi akreditovan\u00e9 a pod\u00edl\u00edme se na p\u0159edatesta\u010dn\u00ed v\u00fduce mlad\u00fdch praktick\u00fdch l\u00e9ka\u0159\u016f. Na\u0161im pacient\u016fm jsme p\u0159ipraveni poskytnout nejen kvalitn\u00ed l\u00e9\u010debn\u011b-preventivn\u00ed p\u00e9\u010di, ale poskytujeme rovn\u011b\u017e i paletu pracovn\u011b l\u00e9ka\u0159sk\u00fdch slu\u017eeb pro \u017eivnostn\u00edky a podniky. &hellip; <a href=\"https:\/\/mudr-nosek-sro.cz\/wordpress\/\" class=\"more-link\">Pokra\u010dov\u00e1n\u00ed textu <span class=\"screen-reader-text\">Z\u00e1kladn\u00ed informace<\/span> <span class=\"meta-nav\">&rarr;<\/span><\/a><\/p>\n","protected":false},"author":1,"featured_media":0,"parent":0,"menu_order":0,"comment_status":"closed","ping_status":"closed","template":"","meta":{"_crdt_document":"","footnotes":""},"class_list":["post-11","page","type-page","status-publish","hentry"],"_links":{"self":[{"href":"https:\/\/mudr-nosek-sro.cz\/wordpress\/index.php?rest_route=\/wp\/v2\/pages\/11","targetHints":{"allow":["GET"]}}],"collection":[{"href":"https:\/\/mudr-nosek-sro.cz\/wordpress\/index.php?rest_route=\/wp\/v2\/pages"}],"about":[{"href":"https:\/\/mudr-nosek-sro.cz\/wordpress\/index.php?rest_route=\/wp\/v2\/types\/page"}],"author":[{"embeddable":true,"href":"https:\/\/mudr-nosek-sro.cz\/wordpress\/index.php?rest_route=\/wp\/v2\/users\/1"}],"replies":[{"embeddable":true,"href":"https:\/\/mudr-nosek-sro.cz\/wordpress\/index.php?rest_route=%2Fwp%2Fv2%2Fcomments&post=11"}],"version-history":[{"count":55,"href":"https:\/\/mudr-nosek-sro.cz\/wordpress\/index.php?rest_route=\/wp\/v2\/pages\/11\/revisions"}],"predecessor-version":[{"id":1205,"href":"https:\/\/mudr-nosek-sro.cz\/wordpress\/index.php?rest_route=\/wp\/v2\/pages\/11\/revisions\/1205"}],"wp:attachment":[{"href":"https:\/\/mudr-nosek-sro.cz\/wordpress\/index.php?rest_route=%2Fwp%2Fv2%2Fmedia&parent=11"}],"curies":[{"name":"wp","href":"https:\/\/api.w.org\/{rel}","templated":true}]}}